factor of 6755104 and 416.
32
What is the greatest common factor of 32584013 and 407?
407
Calculate the greatest common factor of 56 and 41701366.
14
What is the greatest common factor of 4880 and 2249131?
61
What is the greatest common factor of 39226 and 3674?
22
What is the highest common divisor of 58330785 and 195?
15
Calculate the highest common divisor of 38 and 53807126.
38
What is the highest common factor of 145 and 59144485?
145
Calculate the highest common factor of 387855 and 565305.
2535
Calculate the greatest common factor of 18259344 and 216.
216
What is the greatest common factor of 6294 and 653030823?
3147
What is the highest common divisor of 133 and 97268619?
133
Calculate the highest common divisor of 18412646 and 4396.
2198
Calculate the highest common divisor of 60927313 and 173.
173
Calculate the highest common divisor of 690 and 5926470.
30
Calculate the greatest common factor of 48 and 1049772.
12
Calculate the greatest common divisor of 9008248 and 368.
8
Calculate the highest common divisor of 478622 and 130260.
334
Calculate the highest common factor of 201556 and 10168.
164
What is the highest common factor of 72 and 15112?
8
What is the greatest common divisor of 2902 and 139345334?
2902
What is the greatest common divisor of 143840 and 7064?
8
What is the highest common divisor of 86 and 6582182?
86
What is the greatest common factor of 3484106 and 635189?
6289
Calculate the highest common factor of 56981 and 7086637.
2999
Calculate the highest common factor of 957 and 41893313.
319
Calculate the highest common divisor of 9827104 and 399.
133
Calculate the highest common divisor of 660 and 1156815330.
330
Calculate the greatest common divisor of 420 and 405175540.
140
Calculate the highest common factor of 16 and 385011840.
16
Calculate the highest common divisor of 5278 and 289373.
7
What is the greatest common divisor of 170771 and 94527?
389
Calculate the highest common divisor of 74 and 10309162.
74
What is the highest common factor of 30185661 and 2508?
627
Calculate the greatest common factor of 5592477 and 5754.
411
What is the greatest common divisor of 478577 and 583?
11
What is the greatest common factor of 2361306 and 18?
6
Calculate the greatest common divisor of 9590 and 104531.
959
What is the greatest common divisor of 91583454 and 459?
51
Calculate the highest common divisor of 9686 and 1179020.
334
Calculate the greatest common divisor of 112309 and 52150440.
4883
What is the greatest common factor of 634283 and 243373?
1261
What is the greatest common divisor of 182 and 248144?
26
What is the highest common factor of 19257363 and 72?
9
Calculate the highest common factor of 273666 and 11067.
51
What is the highest common factor of 113855268 and 12?
12
What is the greatest common divisor of 2162635 and 80?
5
Calculate the greatest common divisor of 32 and 232059184.
16
What is the greatest common divisor of 16925345 and 895?
895
What is the greatest common divisor of 759 and 76560?
33
What is the highest common factor of 850551008 and 4448?
4448
What is the highest common factor of 468696 and 1912?
8
Calculate the highest common divisor of 14960 and 754732.
748
What is the highest common divisor of 6722199 and 495?
99
Calculate the highest common factor of 15653 and 601304.
11
What is the highest common divisor of 459516687 and 7?
7
Calculate the highest common factor of 7603813 and 7.
7
What is the greatest common factor of 1505 and 11151620?
215
What is the highest common divisor of 573279 and 189?
21
Calculate the highest common factor of 3850758 and 16214.
134
Calculate the greatest common factor of 147 and 119874237.
147
Calculate the greatest common factor of 9269 and 2023057.
23
Calculate the highest common divisor of 89726 and 588642.
986
What is the highest common divisor of 6312820 and 50?
10
What is the greatest common factor of 107991 and 277184?
71
What is the greatest common factor of 737952 and 240?
48
Calculate the greatest common factor of 2840 and 1320955.
355
What is the highest common factor of 2128614 and 328098?
894
What is the highest common divisor of 49106109 and 3149?
67
Calculate the greatest common divisor of 2440564 and 196.
28
Calculate the greatest common divisor of 682 and 97871092.
682
What is the highest common factor of 17357 and 16405?
17
What is the highest common divisor of 289183 and 2272?
71
What is the greatest common divisor of 14170 and 10902398?
2834
What is the greatest common divisor of 7581736 and 767?
59
Calculate the highest common factor of 63963 and 4577835.
309
Calculate the highest common factor of 3674208 and 132.
12
Calculate the highest common divisor of 644319284 and 20244.
6748
What is the highest common divisor of 322 and 7218106?
14
What is the highest common factor of 684236 and 68698?
98
What is the greatest common divisor of 13964688 and 1296?
144
What is the highest common factor of 11729468 and 24?
4
What is the highest common divisor of 49244580 and 3420?
3420
What is the highest common factor of 123 and 452845?
41
What is the greatest common divisor of 17629226 and 29412?
1634
What is the greatest common factor of 27594 and 78462?
54
Calculate the greatest common factor of 447144 and 744.
744
What is the highest common factor of 818414 and 21318?
34
Calculate the greatest common factor of 300 and 9736575.
75
Calculate the highest common factor of 3739 and 1783.
1
What is the greatest common divisor of 3479701 and 88700?
887
What is the highest common divisor of 42 and 4106532?
6
What is the greatest common divisor of 2795 and 3139469775?
2795
What is the greatest common divisor of 9417 and 196897?
43
What is the highest common factor of 32589 and 44091?
1917
What is the greatest common divisor of 27988 and 197854169?
6997
What is the highest common factor of 10728 and 23625?
9
Calculate the greatest common divisor of 336960 and 11872.
32
What is the highest common factor of 73836 and 41692?
28
Calculate the greatest common divisor of 65 and 390883870.
65
Calculate the greatest common divisor of 6069 and 59423313.
867
What is the greatest common divisor of 14997192 and 63?
21
What is the highest common divisor of 1444 and 442548?
76
Calculate the highest common divisor of 3544190 and 60.
10
Calculate the greatest common factor of 75600 and 107190.
270
Calculate the greatest common factor of 2 and 46283.
1
Calculate the highest common divisor of 1943 and 2048994.
67
Calculate the highest common factor of 49280 and 201040.
560
Calculate the greatest common divisor of 16039 and 53578.
43
Calculate the greatest common factor of 1325 and 62534753.
53
Calculate the greatest common divisor of 17204 and 13096292.
1012
Calculate the highest common divisor of 19208345 and 1105.
65
What is the greatest common factor of 59438483 and 169?
169
Calculate the highest common divisor of 4165 and 11464285.
245
What is the greatest common factor of 883523 and 52244?
37
What is the highest common factor of 13505770 and 665?
95
What is the highest common factor of 9894 and 81413?
17
What is the highest common divisor of 261934883 and 5789?
5789
Calculate the highest common divisor of 1042 and 207628399.
521
What is the greatest common divisor of 663 and 1183?
13
Calculate the highest common factor of 3794945 and 22.
11
Calculate the greatest common divisor of 452556 and 1924.
52
Calculate the greatest common divisor of 11428300 and 1430.
130
Calculate the highest common divisor of 3913 and 51259.
13
What is the greatest common factor of 121089 and 16725?
669
What is the highest common divisor of 32046199 and 23?
23
What is the greatest common divisor of 1283627 and 1189?
29
Calculate the greatest common divisor of 144 and 4253168.
16
What is the greatest common divisor of 14 and 69357036?
14
Calculate the highest common factor of 2988 and 1152108.
36
What is the greatest common factor of 413985 and 624?
39
Calculate the highest common factor of 11198723 and 69.
23
What is the greatest common factor of 37931 and 360573?
457
What is the highest common factor of 12456653 and 121?
11
What is the highest common factor of 374 and 2871594?
22
Calculate the greatest common divisor of 33116 and 486.
2
What is the highest common factor of 1560942 and 9162?
